{"id":79,"date":"2025-01-22T10:45:04","date_gmt":"2025-01-22T10:45:04","guid":{"rendered":"https:\/\/taverna-platon.de\/?page_id=79"},"modified":"2025-01-22T11:42:27","modified_gmt":"2025-01-22T11:42:27","slug":"home-2","status":"publish","type":"page","link":"https:\/\/taverna-platon.de\/","title":{"rendered":"Home"},"content":{"rendered":"\t\t<div data-elementor-type=\"wp-page\" data-elementor-id=\"79\" class=\"elementor elementor-79\" data-elementor-post-type=\"page\">\n\t\t\t\t<div class=\"elementor-element elementor-element-1a3f370f e-flex e-con-boxed e-con e-parent\" data-id=\"1a3f370f\" data-element_type=\"container\" id=\"about\" data-settings=\"{&quot;background_background&quot;:&quot;classic&quot;}\">\n\t\t\t\t\t<div class=\"e-con-inner\">\n\t\t<div class=\"elementor-element elementor-element-71ab1371 e-con-full e-flex e-con e-child\" data-id=\"71ab1371\" data-element_type=\"container\">\n\t\t\t\t<div class=\"elementor-element elementor-element-5ec2a128 elementor-invisible elementor-widget elementor-widget-image\" data-id=\"5ec2a128\" data-element_type=\"widget\" data-settings=\"{&quot;_animation&quot;:&quot;fadeInLeft&quot;}\" data-widget_type=\"image.default\">\n\t\t\t\t<div class=\"elementor-widget-container\">\n\t\t\t\t\t\t\t\t\t\t\t\t\t\t\t<img fetchpriority=\"high\" decoding=\"async\" width=\"1365\" height=\"1365\" src=\"https:\/\/taverna-platon.de\/wp-content\/uploads\/2025\/01\/platon-taverna-inhaber.webp\" class=\"attachment-full size-full wp-image-194\" alt=\"\" srcset=\"https:\/\/taverna-platon.de\/wp-content\/uploads\/2025\/01\/platon-taverna-inhaber.webp 1365w, https:\/\/taverna-platon.de\/wp-content\/uploads\/2025\/01\/platon-taverna-inhaber-300x300.webp 300w, https:\/\/taverna-platon.de\/wp-content\/uploads\/2025\/01\/platon-taverna-inhaber-1024x1024.webp 1024w, https:\/\/taverna-platon.de\/wp-content\/uploads\/2025\/01\/platon-taverna-inhaber-150x150.webp 150w, https:\/\/taverna-platon.de\/wp-content\/uploads\/2025\/01\/platon-taverna-inhaber-768x768.webp 768w\" sizes=\"(max-width: 1365px) 100vw, 1365px\" \/>\t\t\t\t\t\t\t\t\t\t\t\t\t\t\t<\/div>\n\t\t\t\t<\/div>\n\t\t\t\t<\/div>\n\t\t<div class=\"elementor-element elementor-element-a85f4d3 e-con-full e-flex elementor-invisible e-con e-child\" data-id=\"a85f4d3\" data-element_type=\"container\" data-settings=\"{&quot;animation&quot;:&quot;fadeInRight&quot;}\">\n\t\t\t\t<div class=\"elementor-element elementor-element-1613c700 elementor-widget elementor-widget-heading\" data-id=\"1613c700\" data-element_type=\"widget\" data-widget_type=\"heading.default\">\n\t\t\t\t<div class=\"elementor-widget-container\">\n\t\t\t\t\t<h3 class=\"elementor-heading-title elementor-size-default\">Herzlich Willkommen<\/h3>\t\t\t\t<\/div>\n\t\t\t\t<\/div>\n\t\t\t\t<div class=\"elementor-element elementor-element-176c2f5a elementor-widget elementor-widget-heading\" data-id=\"176c2f5a\" data-element_type=\"widget\" data-widget_type=\"heading.default\">\n\t\t\t\t<div class=\"elementor-widget-container\">\n\t\t\t\t\t<h2 class=\"elementor-heading-title elementor-size-default\">Taverna Platon<\/h2>\t\t\t\t<\/div>\n\t\t\t\t<\/div>\n\t\t\t\t<div class=\"elementor-element elementor-element-7ea65e0d elementor-widget elementor-widget-text-editor\" data-id=\"7ea65e0d\" data-element_type=\"widget\" data-widget_type=\"text-editor.default\">\n\t\t\t\t<div class=\"elementor-widget-container\">\n\t\t\t\t\t\t\t\t\t<p>Mit echter Gastfreundschaft und einem gro\u00dfen Angebot leckerer Speisen begr\u00fc\u00dfen wir Sie in unserem griechischen Restaurant Taverna Platon in Monheim am Rhein.<\/p>\t\t\t\t\t\t\t\t<\/div>\n\t\t\t\t<\/div>\n\t\t\t\t<div class=\"elementor-element elementor-element-4b5d5a10 elementor-mobile-align-center elementor-widget elementor-widget-button\" data-id=\"4b5d5a10\" data-element_type=\"widget\" data-widget_type=\"button.default\">\n\t\t\t\t<div class=\"elementor-widget-container\">\n\t\t\t\t\t\t\t\t\t<div class=\"elementor-button-wrapper\">\n\t\t\t\t\t<a class=\"elementor-button elementor-button-link elementor-size-md\" href=\"tel:0217350497\">\n\t\t\t\t\t\t<span class=\"elementor-button-content-wrapper\">\n\t\t\t\t\t\t<span class=\"elementor-button-icon\">\n\t\t\t\t<svg aria-hidden=\"true\" class=\"e-font-icon-svg e-fas-arrow-right\" viewBox=\"0 0 448 512\" xmlns=\"http:\/\/www.w3.org\/2000\/svg\"><path d=\"M190.5 66.9l22.2-22.2c9.4-9.4 24.6-9.4 33.9 0L441 239c9.4 9.4 9.4 24.6 0 33.9L246.6 467.3c-9.4 9.4-24.6 9.4-33.9 0l-22.2-22.2c-9.5-9.5-9.3-25 .4-34.3L311.4 296H24c-13.3 0-24-10.7-24-24v-32c0-13.3 10.7-24 24-24h287.4L190.9 101.2c-9.8-9.3-10-24.8-.4-34.3z\"><\/path><\/svg>\t\t\t<\/span>\n\t\t\t\t\t\t\t\t\t<span class=\"elementor-button-text\">Jetzt Tisch reservieren<\/span>\n\t\t\t\t\t<\/span>\n\t\t\t\t\t<\/a>\n\t\t\t\t<\/div>\n\t\t\t\t\t\t\t\t<\/div>\n\t\t\t\t<\/div>\n\t\t\t\t<\/div>\n\t\t\t\t\t<\/div>\n\t\t\t\t<\/div>\n\t\t<div class=\"elementor-element elementor-element-58f8c67f e-flex e-con-boxed e-con e-parent\" data-id=\"58f8c67f\" data-element_type=\"container\" data-settings=\"{&quot;background_background&quot;:&quot;classic&quot;}\">\n\t\t\t\t\t<div class=\"e-con-inner\">\n\t\t<div class=\"elementor-element elementor-element-1fd8671c e-con-full e-flex e-con e-child\" data-id=\"1fd8671c\" data-element_type=\"container\">\n\t\t\t\t<div class=\"elementor-element elementor-element-5c8f51d9 elementor-widget__width-inherit elementor-position-top elementor-invisible elementor-widget elementor-widget-image-box\" data-id=\"5c8f51d9\" data-element_type=\"widget\" data-settings=\"{&quot;_animation&quot;:&quot;fadeIn&quot;}\" data-widget_type=\"image-box.default\">\n\t\t\t\t<div class=\"elementor-widget-container\">\n\t\t\t\t\t<div class=\"elementor-image-box-wrapper\"><figure class=\"elementor-image-box-img\"><img decoding=\"async\" width=\"1365\" height=\"1365\" src=\"https:\/\/taverna-platon.de\/wp-content\/uploads\/2025\/01\/taverna-platon-innen2.webp\" class=\"attachment-full size-full wp-image-193\" alt=\"\" srcset=\"https:\/\/taverna-platon.de\/wp-content\/uploads\/2025\/01\/taverna-platon-innen2.webp 1365w, https:\/\/taverna-platon.de\/wp-content\/uploads\/2025\/01\/taverna-platon-innen2-300x300.webp 300w, https:\/\/taverna-platon.de\/wp-content\/uploads\/2025\/01\/taverna-platon-innen2-1024x1024.webp 1024w, https:\/\/taverna-platon.de\/wp-content\/uploads\/2025\/01\/taverna-platon-innen2-150x150.webp 150w, https:\/\/taverna-platon.de\/wp-content\/uploads\/2025\/01\/taverna-platon-innen2-768x768.webp 768w\" sizes=\"(max-width: 1365px) 100vw, 1365px\" \/><\/figure><div class=\"elementor-image-box-content\"><h3 class=\"elementor-image-box-title\">Gro\u00dfer Speiseraum<\/h3><p class=\"elementor-image-box-description\">Genie\u00dfen Sie gem\u00fctlich ihre Speisen<\/p><\/div><\/div>\t\t\t\t<\/div>\n\t\t\t\t<\/div>\n\t\t\t\t<div class=\"elementor-element elementor-element-45acbc4a elementor-widget__width-inherit elementor-position-top elementor-invisible elementor-widget elementor-widget-image-box\" data-id=\"45acbc4a\" data-element_type=\"widget\" data-settings=\"{&quot;_animation&quot;:&quot;fadeInLeft&quot;}\" data-widget_type=\"image-box.default\">\n\t\t\t\t<div class=\"elementor-widget-container\">\n\t\t\t\t\t<div class=\"elementor-image-box-wrapper\"><figure class=\"elementor-image-box-img\"><img decoding=\"async\" width=\"1365\" height=\"1365\" src=\"https:\/\/taverna-platon.de\/wp-content\/uploads\/2025\/01\/platon-statue.webp\" class=\"attachment-full size-full wp-image-196\" alt=\"\" srcset=\"https:\/\/taverna-platon.de\/wp-content\/uploads\/2025\/01\/platon-statue.webp 1365w, https:\/\/taverna-platon.de\/wp-content\/uploads\/2025\/01\/platon-statue-300x300.webp 300w, https:\/\/taverna-platon.de\/wp-content\/uploads\/2025\/01\/platon-statue-1024x1024.webp 1024w, https:\/\/taverna-platon.de\/wp-content\/uploads\/2025\/01\/platon-statue-150x150.webp 150w, https:\/\/taverna-platon.de\/wp-content\/uploads\/2025\/01\/platon-statue-768x768.webp 768w\" sizes=\"(max-width: 1365px) 100vw, 1365px\" \/><\/figure><div class=\"elementor-image-box-content\"><h3 class=\"elementor-image-box-title\">Philosophie am Tisch <\/h3><p class=\"elementor-image-box-description\">Wein, Weisheit, Gemeinschaft<\/p><\/div><\/div>\t\t\t\t<\/div>\n\t\t\t\t<\/div>\n\t\t\t\t<\/div>\n\t\t<div class=\"elementor-element elementor-element-2ea45064 e-con-full e-flex e-con e-child\" data-id=\"2ea45064\" data-element_type=\"container\">\n\t\t\t\t<div class=\"elementor-element elementor-element-50b63cf6 elementor-widget elementor-widget-heading\" data-id=\"50b63cf6\" data-element_type=\"widget\" data-widget_type=\"heading.default\">\n\t\t\t\t<div class=\"elementor-widget-container\">\n\t\t\t\t\t<h3 class=\"elementor-heading-title elementor-size-default\">Rufen Sie uns an!<\/h3>\t\t\t\t<\/div>\n\t\t\t\t<\/div>\n\t\t\t\t<div class=\"elementor-element elementor-element-92ef5f9 elementor-widget elementor-widget-heading\" data-id=\"92ef5f9\" data-element_type=\"widget\" data-widget_type=\"heading.default\">\n\t\t\t\t<div class=\"elementor-widget-container\">\n\t\t\t\t\t<h2 class=\"elementor-heading-title elementor-size-default\">Wir freuen uns auf Ihren Besuch<\/h2>\t\t\t\t<\/div>\n\t\t\t\t<\/div>\n\t\t\t\t<div class=\"elementor-element elementor-element-6aa33e3 elementor-tablet-align-center elementor-widget elementor-widget-button\" data-id=\"6aa33e3\" data-element_type=\"widget\" data-widget_type=\"button.default\">\n\t\t\t\t<div class=\"elementor-widget-container\">\n\t\t\t\t\t\t\t\t\t<div class=\"elementor-button-wrapper\">\n\t\t\t\t\t<a class=\"elementor-button elementor-button-link elementor-size-md\" href=\"tel:0217350497\">\n\t\t\t\t\t\t<span class=\"elementor-button-content-wrapper\">\n\t\t\t\t\t\t<span class=\"elementor-button-icon\">\n\t\t\t\t<svg aria-hidden=\"true\" class=\"e-font-icon-svg e-fas-arrow-right\" viewBox=\"0 0 448 512\" xmlns=\"http:\/\/www.w3.org\/2000\/svg\"><path d=\"M190.5 66.9l22.2-22.2c9.4-9.4 24.6-9.4 33.9 0L441 239c9.4 9.4 9.4 24.6 0 33.9L246.6 467.3c-9.4 9.4-24.6 9.4-33.9 0l-22.2-22.2c-9.5-9.5-9.3-25 .4-34.3L311.4 296H24c-13.3 0-24-10.7-24-24v-32c0-13.3 10.7-24 24-24h287.4L190.9 101.2c-9.8-9.3-10-24.8-.4-34.3z\"><\/path><\/svg>\t\t\t<\/span>\n\t\t\t\t\t\t\t\t\t<span class=\"elementor-button-text\">Tisch reservieren <\/span>\n\t\t\t\t\t<\/span>\n\t\t\t\t\t<\/a>\n\t\t\t\t<\/div>\n\t\t\t\t\t\t\t\t<\/div>\n\t\t\t\t<\/div>\n\t\t\t\t<\/div>\n\t\t\t\t\t<\/div>\n\t\t\t\t<\/div>\n\t\t<div class=\"elementor-element elementor-element-10bdc595 e-con-full e-flex e-con e-parent\" data-id=\"10bdc595\" data-element_type=\"container\">\n\t\t\t\t<div class=\"elementor-element elementor-element-2034546b elementor-widget elementor-widget-flex-hero\" data-id=\"2034546b\" data-element_type=\"widget\" data-settings=\"{&quot;primary_button_shape&quot;:&quot;round&quot;,&quot;image_shape&quot;:&quot;custom&quot;,&quot;layout_image_position&quot;:&quot;end&quot;,&quot;box_shape&quot;:&quot;sharp&quot;}\" data-widget_type=\"flex-hero.default\">\n\t\t\t\t<div class=\"elementor-widget-container\">\n\t\t\t\t\t\t\t<div class=\"ehp-flex-hero has-layout-preset-showcase has-image-position-end has-shape-sharp\">\n\t\t\t\t\t\t<div class=\"ehp-flex-hero__overlay\"><\/div>\n\t\t\t<div class=\"ehp-flex-hero__content-container\">\n\t\t\t\t<p class=\"ehp-flex-hero__intro\">Ihr griechisches Restaurant <\/p><h2 class=\"ehp-flex-hero__heading\">TAVERNA PLATON<\/h2><h3 class=\"ehp-flex-hero__subheading\">Griechische Spezialit\u00e4ten aus Monheim am Rhein. Genie\u00dfen Sie ein St\u00fcck Griechenland<\/h3>\t\t\t<div class=\"ehp-flex-hero__ctas-container\">\n\t\t\t\t\t\t<a class=\"ehp-flex-hero__button ehp-flex-hero__button--primary is-type-button has-shape-round\" href=\"tel:0217350497\" target=\"_blank\">\n\t\t\t<svg aria-hidden=\"true\" class=\"ehp-flex-hero__button-icon e-font-icon-svg e-fas-phone\" viewBox=\"0 0 512 512\" xmlns=\"http:\/\/www.w3.org\/2000\/svg\"><path d=\"M493.4 24.6l-104-24c-11.3-2.6-22.9 3.3-27.5 13.9l-48 112c-4.2 9.8-1.4 21.3 6.9 28l60.6 49.6c-36 76.7-98.9 140.5-177.2 177.2l-49.6-60.6c-6.8-8.3-18.2-11.1-28-6.9l-112 48C3.9 366.5-2 378.1.6 389.4l24 104C27.1 504.2 36.7 512 48 512c256.1 0 464-207.5 464-464 0-11.2-7.7-20.9-18.6-23.4z\"><\/path><\/svg>\t\t\tjetzt anrufen\t\t<\/a>\n\t\t\t\t\t\t\t\t\t<\/div>\n\t\t\t\t\t<\/div>\n\t\t\t\t\t<div class=\"ehp-flex-hero__image\">\n\t\t\t\t<img decoding=\"async\" class=\"ehp-flex-hero__img has-shape-custom\" src=\"https:\/\/taverna-platon.de\/wp-content\/uploads\/2025\/01\/taverna-platon-innen.webp\" title=\"taverna-platon-innen\" alt=\"taverna-platon-innen\" loading=\"lazy\" \/>\t\t\t<\/div>\n\t\t\t\t\t<\/div>\n\t\t\t\t\t\t<\/div>\n\t\t\t\t<\/div>\n\t\t\t\t<\/div>\n\t\t\t\t<\/div>\n\t\t","protected":false},"excerpt":{"rendered":"<p>Herzlich Willkommen Taverna Platon Mit echter Gastfreundschaft und einem gro\u00dfen Angebot leckerer Speisen begr\u00fc\u00dfen wir Sie in unserem griechischen Restaurant Taverna Platon in Monheim am Rhein. Jetzt Tisch reservieren Gro\u00dfer Speiseraum Genie\u00dfen Sie gem\u00fctlich ihre Speisen Philosophie am Tisch Wein, Weisheit, Gemeinschaft Rufen Sie uns an! Wir freuen uns auf Ihren Besuch Tisch reservieren Ihr [&hellip;]<\/p>\n","protected":false},"author":1,"featured_media":0,"parent":0,"menu_order":0,"comment_status":"closed","ping_status":"closed","template":"elementor_header_footer","meta":{"footnotes":""},"class_list":["post-79","page","type-page","status-publish","hentry"],"_links":{"self":[{"href":"https:\/\/taverna-platon.de\/index.php?rest_route=\/wp\/v2\/pages\/79","targetHints":{"allow":["GET"]}}],"collection":[{"href":"https:\/\/taverna-platon.de\/index.php?rest_route=\/wp\/v2\/pages"}],"about":[{"href":"https:\/\/taverna-platon.de\/index.php?rest_route=\/wp\/v2\/types\/page"}],"author":[{"embeddable":true,"href":"https:\/\/taverna-platon.de\/index.php?rest_route=\/wp\/v2\/users\/1"}],"replies":[{"embeddable":true,"href":"https:\/\/taverna-platon.de\/index.php?rest_route=%2Fwp%2Fv2%2Fcomments&post=79"}],"version-history":[{"count":43,"href":"https:\/\/taverna-platon.de\/index.php?rest_route=\/wp\/v2\/pages\/79\/revisions"}],"predecessor-version":[{"id":262,"href":"https:\/\/taverna-platon.de\/index.php?rest_route=\/wp\/v2\/pages\/79\/revisions\/262"}],"wp:attachment":[{"href":"https:\/\/taverna-platon.de\/index.php?rest_route=%2Fwp%2Fv2%2Fmedia&parent=79"}],"curies":[{"name":"wp","href":"https:\/\/api.w.org\/{rel}","templated":true}]}}